{"id":11,"date":"2018-11-21T08:36:14","date_gmt":"2018-11-21T08:36:14","guid":{"rendered":"http:\/\/landesunoverband.de\/?page_id=11"},"modified":"2026-01-17T22:42:56","modified_gmt":"2026-01-17T21:42:56","slug":"punktestaende","status":"publish","type":"page","link":"https:\/\/landesunoverband.de\/?page_id=11","title":{"rendered":"Punktest\u00e4nde"},"content":{"rendered":"\r\n<figure class=\"wp-block-image\"><img loading=\"lazy\" decoding=\"async\" width=\"797\" height=\"291\" class=\"wp-image-57\" src=\"http:\/\/landesunoverband.de\/wp-content\/uploads\/2018\/11\/plus4_punktestaende.png\" alt=\"\" srcset=\"https:\/\/landesunoverband.de\/wp-content\/uploads\/2018\/11\/plus4_punktestaende.png 797w, https:\/\/landesunoverband.de\/wp-content\/uploads\/2018\/11\/plus4_punktestaende-300x110.png 300w, https:\/\/landesunoverband.de\/wp-content\/uploads\/2018\/11\/plus4_punktestaende-768x280.png 768w\" sizes=\"auto, (max-width: 767px) 89vw, (max-width: 1000px) 54vw, (max-width: 1071px) 543px, 580px\" \/><\/figure>\r\n\r\n\r\n\r\n<h2 class=\"wp-block-heading\">Aktuelle Saison 2025 &#8211; offen<\/h2>\r\n\r\n\r\n\r\n<p class=\"wp-block-paragraph\">In diesem Bereich k\u00f6nnt Ihr die Punktest\u00e4nde des aktuellen Turniers einsehen &#8211; Stand nach 2 Turnieren:<\/p>\r\n\r\n\r\n\r\n<figure class=\"wp-block-table aligncenter\">\r\n<table>\r\n<tbody>\r\n<tr>\r\n<td class=\"has-text-align-center\" data-align=\"center\">Position<\/td>\r\n<td>Name<\/td>\r\n<td class=\"has-text-align-center\" data-align=\"center\">Punkte<\/td>\r\n<td class=\"has-text-align-center\" data-align=\"center\">Ver\u00e4nderung<\/td>\r\n<\/tr>\r\n<tr>\r\n<td class=\"has-text-align-center\" data-align=\"center\">1<\/td>\r\n<td>Carsten Heydorn<\/td>\r\n<td class=\"has-text-align-center\" data-align=\"center\">26<\/td>\r\n<td class=\"has-text-align-center\" data-align=\"center\">+12 +1<\/td>\r\n<\/tr>\r\n<tr>\r\n<td class=\"has-text-align-center\" data-align=\"center\">2<\/td>\r\n<td>Dirk Marx<\/td>\r\n<td class=\"has-text-align-center\" data-align=\"center\">24<\/td>\r\n<td class=\"has-text-align-center\" data-align=\"center\">+8<\/td>\r\n<\/tr>\r\n<tr>\r\n<td class=\"has-text-align-center\" data-align=\"center\">2<\/td>\r\n<td>Hilmar von Netz<\/td>\r\n<td class=\"has-text-align-center\" data-align=\"center\">24<\/td>\r\n<td class=\"has-text-align-center\" data-align=\"center\">+6<\/td>\r\n<\/tr>\r\n<tr>\r\n<td class=\"has-text-align-center\" data-align=\"center\">4<\/td>\r\n<td>Fabian Weist<\/td>\r\n<td class=\"has-text-align-center\" data-align=\"center\">21<\/td>\r\n<td class=\"has-text-align-center\" data-align=\"center\">+9<\/td>\r\n<\/tr>\r\n<tr>\r\n<td class=\"has-text-align-center\" data-align=\"center\">5<\/td>\r\n<td>Mirko Spieckermann<\/td>\r\n<td class=\"has-text-align-center\" data-align=\"center\">20<\/td>\r\n<td class=\"has-text-align-center\" data-align=\"center\">+3<\/td>\r\n<\/tr>\r\n<tr>\r\n<td class=\"has-text-align-center\" data-align=\"center\">6<\/td>\r\n<td>Andreas Boomers<\/td>\r\n<td class=\"has-text-align-center\" data-align=\"center\">17<\/td>\r\n<td class=\"has-text-align-center\" data-align=\"center\">+4<\/td>\r\n<\/tr>\r\n<tr>\r\n<td class=\"has-text-align-center\" data-align=\"center\">7<\/td>\r\n<td>Norbert Diercks<\/td>\r\n<td class=\"has-text-align-center\" data-align=\"center\">8<\/td>\r\n<td class=\"has-text-align-center\" data-align=\"center\">+1 +2<\/td>\r\n<\/tr>\r\n<tr>\r\n<td class=\"has-text-align-center\" data-align=\"center\">8<\/td>\r\n<td>Sebastian Weist<\/td>\r\n<td class=\"has-text-align-center\" data-align=\"center\">0<\/td>\r\n<td class=\"has-text-align-center\" data-align=\"center\">0<\/td>\r\n<\/tr>\r\n<\/tbody>\r\n<\/table>\r\n<figcaption class=\"wp-element-caption\">Letztes Turnier der Saison am 16.01.2026<\/figcaption>\r\n<\/figure>\r\n\r\n\r\n\r\n<p class=\"has-small-font-size wp-block-paragraph\">Stand 17.01.2026*<\/p>\r\n\r\n\r\n<hr class=\"wp-block-separator has-alpha-channel-opacity is-style-wide\" \/>\r\n\r\n\r\n<p class=\"wp-block-paragraph\" style=\"font-size: 8px;\">*nat\u00fcrlich unter st\u00e4ndigem Protest<\/p>\r\n","protected":false},"excerpt":{"rendered":"<p>Aktuelle Saison 2025 &#8211; offen In diesem Bereich k\u00f6nnt Ihr die Punktest\u00e4nde des aktuellen Turniers einsehen &#8211; Stand nach 2 Turnieren: Position Name Punkte Ver\u00e4nderung 1 Carsten Heydorn 26 +12 +1 2 Dirk Marx 24 +8 2 Hilmar von Netz 24 +6 4 Fabian Weist 21 +9 5 Mirko Spieckermann 20 +3 6 Andreas Boomers &hellip; <\/p>\n<p class=\"link-more\"><a href=\"https:\/\/landesunoverband.de\/?page_id=11\" class=\"more-link\"><span class=\"screen-reader-text\">\u201ePunktest\u00e4nde\u201c<\/span> weiterlesen<\/a><\/p>\n","protected":false},"author":1,"featured_media":0,"parent":0,"menu_order":0,"comment_status":"closed","ping_status":"closed","template":"","meta":{"_crdt_document":"","footnotes":""},"class_list":["post-11","page","type-page","status-publish","hentry"],"_links":{"self":[{"href":"https:\/\/landesunoverband.de\/index.php?rest_route=\/wp\/v2\/pages\/11","targetHints":{"allow":["GET"]}}],"collection":[{"href":"https:\/\/landesunoverband.de\/index.php?rest_route=\/wp\/v2\/pages"}],"about":[{"href":"https:\/\/landesunoverband.de\/index.php?rest_route=\/wp\/v2\/types\/page"}],"author":[{"embeddable":true,"href":"https:\/\/landesunoverband.de\/index.php?rest_route=\/wp\/v2\/users\/1"}],"replies":[{"embeddable":true,"href":"https:\/\/landesunoverband.de\/index.php?rest_route=%2Fwp%2Fv2%2Fcomments&post=11"}],"version-history":[{"count":22,"href":"https:\/\/landesunoverband.de\/index.php?rest_route=\/wp\/v2\/pages\/11\/revisions"}],"predecessor-version":[{"id":254,"href":"https:\/\/landesunoverband.de\/index.php?rest_route=\/wp\/v2\/pages\/11\/revisions\/254"}],"wp:attachment":[{"href":"https:\/\/landesunoverband.de\/index.php?rest_route=%2Fwp%2Fv2%2Fmedia&parent=11"}],"curies":[{"name":"wp","href":"https:\/\/api.w.org\/{rel}","templated":true}]}}